, 23473
List the prime factors of 48475776.
2, 3, 41, 3079
What are the prime factors of 1072283127?
3, 41, 8717749
List the prime factors of 1466777.
13, 17, 6637
List the prime factors of 312131829.
3, 19, 5475997
List the prime factors of 38086591.
47, 810353
What are the prime factors of 48720439?
683, 71333
List the prime factors of 306994942.
2, 17, 311, 29033
What are the prime factors of 905958307?
571, 1586617
List the prime factors of 1386630013.
19, 107, 191, 3571
List the prime factors of 1233079434.
2, 3, 3917, 17489
List the prime factors of 3993338243.
19, 2711, 77527
What are the prime factors of 634287254?
2, 317143627
List the prime factors of 1551529339.
41, 2777, 13627
List the prime factors of 103709673.
3, 17, 13291
List the prime factors of 46811092.
2, 11702773
List the prime factors of 42859955.
5, 83, 139, 743
List the prime factors of 501144810.
2, 3, 5, 389, 42943
List the prime factors of 808258441.
337, 1009, 2377
What are the prime factors of 1539921390?
2, 3, 5, 7, 7332959
What are the prime factors of 40762947?
3, 13587649
List the prime factors of 436652017.
137, 3187241
List the prime factors of 132082088.
2, 16510261
What are the prime factors of 30068039?
30068039
List the prime factors of 654419678.
2, 11, 1979, 15031
What are the prime factors of 11227283?
11227283
What are the prime factors of 31379562?
2, 3, 64567
List the prime factors of 2965590267.
3, 71, 691, 20149
List the prime factors of 169009577.
11, 67, 229321
What are the prime factors of 26109434?
2, 13, 1004209
List the prime factors of 177199067.
177199067
List the prime factors of 101263744.
2, 157, 5039
What are the prime factors of 104882945?
5, 17, 19, 101, 643
What are the prime factors of 1502443168?
2, 23, 2041363
List the prime factors of 348894223.
348894223
What are the prime factors of 1184434007?
1184434007
What are the prime factors of 76198200?
2, 3, 5, 13, 9769
What are the prime factors of 634552108?
2, 158638027
What are the prime factors of 1687912237?
11, 153446567
List the prime factors of 538808589.
3, 11, 5442511
List the prime factors of 1299491235.
3, 5, 7, 61, 22543
List the prime factors of 59762795.
5, 11952559
What are the prime factors of 7475358950?
2, 5, 4903, 30493
What are the prime factors of 875841255?
3, 5, 720857
List the prime factors of 2490205006.
2, 37, 1601, 21019
What are the prime factors of 1633022331?
3, 544340777
List the prime factors of 18353907.
3, 11, 13, 1097
What are the prime factors of 4415958796?
2, 19, 58104721
What are the prime factors of 138491671?
23, 261799
List the prime factors of 139384780.
2, 5, 2621, 2659
What are the prime factors of 2107311873?
3, 702437291
What are the prime factors of 952068901?
7, 17, 8000579
What are the prime factors of 567395763?
3, 11, 23, 747557
What are the prime factors of 3101528648?
2, 387691081
List the prime factors of 29296917.
3, 13, 19, 23, 191
List the prime factors of 1298089263.
3, 4219, 102559
What are the prime factors of 1489051350?
2, 3, 5, 337, 1091
List the prime factors of 551352778.
2, 275676389
What are the prime factors of 1616121?
3, 13, 19, 727
List the prime factors of 134517822.
2, 3, 22419637
List the prime factors of 74356919.
7, 13, 89, 9181
What are the prime factors of 3845904933?
3, 13, 98612947
What are the prime factors of 301769906?
2, 83, 1817891
List the prime factors of 37570191.
3, 2753, 4549
List the prime factors of 1707176442.
2, 3, 284529407
List the prime factors of 59018630.
2, 5, 11, 536533
List the prime factors of 1530749436.
2, 3, 127562453
What are the prime factors of 120840062?
2, 7, 43, 200731
List the prime factors of 4314475610.
2, 5, 97, 4447913
List the prime factors of 358162735.
5, 7, 10233221
What are the prime factors of 991271711?
523, 1895357
List the prime factors of 322127909.
322127909
List the prime factors of 87930081.
3, 19, 23, 79, 283
List the prime factors of 4997128.
2, 67, 9323
List the prime factors of 2067080977.
13, 2281, 69709
List the prime factors of 283776187.
821, 345647
What are the prime factors of 280598244?
2, 3, 23383187
What are the prime factors of 38273919?
3, 17, 467, 1607
What are the prime factors of 127475348?
2, 7, 11, 13, 31, 79
What are the prime factors of 185981953?
185981953
List the prime factors of 2028541732.
2, 7, 313, 231463
List the prime factors of 56439187.
7, 307, 26263
What are the prime factors of 873223588?
2, 11213, 19469
What are the prime factors of 391667707?
29, 13505783
List the prime factors of 587302310.
2, 5, 7, 197, 42589
List the prime factors of 7655121.
3, 227, 1249
What are the prime factors of 199477797?
3, 66492599
What are the prime factors of 214053585?
3, 5, 2339, 6101
What are the prime factors of 2202676158?
2, 3, 73, 401, 12541
List the prime factors of 48647496.
2, 3, 71, 28549
List the prime factors of 312677762.
2, 156338881
List the prime factors of 168846922.
2, 2927, 28843
What are the prime factors of 2160149047?
7, 17, 18152513
List the prime factors of 353525009.
353525009
List the prime factors of 1244102174.
2, 7, 88864441
List the prime factors of 19676976.
2, 3, 11, 83, 449
What are the prime factors of 302935205?
5, 59, 1026899
List the prime factors of 1725061733.
3167, 544699
List the prime factors of 527932698.
2, 3, 87988783
List the prime factors of 4799879845.
5, 19, 599, 84349
What are the prime factors of 684005797?
3989, 171473
What are the prime factors of 464164029?
3, 7, 1847, 3989
List the prime factors of 2265600569.
449, 5045881
List the prime factors of 8125638761.
383, 21215767
What are the prime factors of 474047395?
5, 8111, 11689
What are the prime factors of 40793521?
163, 250267
List the prime factors of 463385478.
2, 3, 151, 511463
What are the prime factors of 2606472389?
449, 5805061
List the prime factors of 909239.
909239
What are the prime factors of 64489545?
3, 5, 1433101
What are the prime factors of 1437023180?
2, 5, 71851159
List the prime factors of 33374120.
2, 5, 13, 4937
What are the prime factors of 98472409?
7, 1249, 1609
What are the prime factors of 500304952?
2, 7, 8934017
List the prime factors of 286242820.
2, 5, 23, 349, 1783
List the prime factors of 61322704.
2, 29, 283, 467
List the prime factors of 422060161.
89, 233, 20353
List the prime factors of 4811049986.
2, 37, 619, 105031
List the prime factors of 111506990.
2, 5, 7, 23, 69259
What are the prime factors of 486647370?
2, 3, 5, 11, 379, 1297
What are the prime factors of 343431302?
2, 2269, 75679
What are the prime factors of 281350138?
2, 19, 71, 104281
List the prime factors of 93965885.
5, 13, 17, 85037
List the prime factors of 40028546.
2, 41, 488153
List the prime factors of 1984225848.
2, 3, 11, 73, 149, 691
What are the prime factors of 790383436?
2, 83, 2380673
List the prime factors of 302909590.
2, 5, 19, 1594261
What are the prime factors of 64257789?
3, 37, 47, 109, 113
What are the prime factors of 201886234?
2, 11, 9176647
What are the prime factors of 84861729?
3, 3143027
What are the prime factors of 929027553?
3, 19, 16298729
What are the prime factors of 351843535?
5, 23, 3059509
What are the prime factors of 172209204?
2, 3, 4783589
What are the prime factors of 5903116498?
2, 19, 59, 101, 131, 199
List the prime factors of 62622527.
11, 5692957
List the prime factors of 327391874.
2, 12197, 13421
What are the prime factors of 42435888?
2, 3, 11, 179, 449
List the prime factors of 20235331.
23, 879797
List the prime factors of 1583292919.
13, 10303, 11821
What are the prime factors of 97714615?
5, 19542923
List the prime factors of 80263111.
127, 631993
What are the prime factors of 370311221?
7, 17, 41, 71, 1069
List the prime factors of 28826715.
3, 5, 1921781
What are the prime factors of 930888610?
2, 5, 93088861
What are the prime factors of 119933051?
7, 3347, 5119
List the prime factors of 147644900.
2, 5, 13, 137, 829
What are the prime factors of 536317306?
2, 7, 2411, 15889
What are the prime factors of 76748712?
2, 3, 3197863
List the prime factors of 1582666.
2, 17, 46549
What are the prime factors of 11560329?
3, 11, 23, 5077
What are the prime factors of 4631039041?
4631039041
What are the prime factors of 32154427?
32154427
What are the prime factors of 29298